{"id":1433,"date":"2011-04-15T13:34:54","date_gmt":"2011-04-15T11:34:54","guid":{"rendered":"http:\/\/www.avex-asso.org\/dossiers\/wordpress\/?page_id=1433"},"modified":"2017-10-08T01:31:13","modified_gmt":"2017-10-07T23:31:13","slug":"statistiques-meteo","status":"publish","type":"page","link":"https:\/\/www.avex-asso.org\/dossiers\/wordpress\/meteo\/statistiques-meteo","title":{"rendered":"Statistiques Meteo"},"content":{"rendered":"<p>Sur cette page, qui va \u00eatre d\u00e9velopp\u00e9e au fur et \u00e0 mesure, sont r\u00e9unies des statistiques M\u00e9t\u00e9o nationales et locales<\/p>\n<p>&nbsp;<\/p>\n<p>La premi\u00e8re carte nous montre le nombre de jours de pr\u00e9cipitation par an en France<\/p>\n<p>Attention, jour \u00a0de \u00ab\u00a0non pr\u00e9cipitation\u00a0\u00bb ne veux pas dire jour de beau temps<\/p>\n<p><img loading=\"lazy\" decoding=\"async\" src=\"http:\/\/www.avex-asso.org\/dossiers\/wordpress\/wp-content\/uploads\/2011\/09\/02.01.01_nbjrr-norm_an.png\" alt=\"\" width=\"660\" height=\"663\" \/><\/p>\n<p>&nbsp;<\/p>\n<p>Carte des <strong>quantit\u00e9s<\/strong> d&rsquo;eau tomb\u00e9 sur la meme p\u00e9riode<\/p>\n<p><img loading=\"lazy\" decoding=\"async\" src=\"http:\/\/www.avex-asso.org\/dossiers\/wordpress\/wp-content\/uploads\/2011\/09\/rr-norm_an.png\" alt=\"\" width=\"660\" height=\"662\" \/><\/p>\n<p>&nbsp;<\/p>\n<p>Pour l&rsquo;ann\u00e9e 2008 (ann\u00e9e typique)<\/p>\n<p><img loading=\"lazy\" decoding=\"async\" src=\"http:\/\/www.avex-asso.org\/dossiers\/wordpress\/wp-content\/uploads\/2011\/09\/carte-precipitations-meteo-france.jpg\" alt=\"\" width=\"470\" height=\"405\" \/><\/p>\n<p>&nbsp;<\/p>\n<p>ensoleillement<\/p>\n<p><img loading=\"lazy\" decoding=\"async\" class=\"alignnone\" src=\"http:\/\/www.cartesfrance.fr\/cartes\/carte_france_ensoleillement.png\" alt=\"\" width=\"777\" height=\"721\" \/><\/p>\n","protected":false},"excerpt":{"rendered":"<p>Sur cette page, qui va \u00eatre d\u00e9velopp\u00e9e au fur et \u00e0 mesure, sont r\u00e9unies des statistiques M\u00e9t\u00e9o nationales et locales<\/p>\n<p><a href=\"https:\/\/www.avex-asso.org\/dossiers\/wordpress\/meteo\/statistiques-meteo\" class=\"more-link\">Continue reading<span class=\"screen-reader-text\">Statistiques Meteo<\/span><\/a><\/p>\n","protected":false},"author":1,"featured_media":0,"parent":117,"menu_order":1,"comment_status":"open","ping_status":"closed","template":"","meta":{"footnotes":""},"class_list":["post-1433","page","type-page","status-publish","hentry"],"_links":{"self":[{"href":"https:\/\/www.avex-asso.org\/dossiers\/wordpress\/wp-json\/wp\/v2\/pages\/1433","targetHints":{"allow":["GET"]}}],"collection":[{"href":"https:\/\/www.avex-asso.org\/dossiers\/wordpress\/wp-json\/wp\/v2\/pages"}],"about":[{"href":"https:\/\/www.avex-asso.org\/dossiers\/wordpress\/wp-json\/wp\/v2\/types\/page"}],"author":[{"embeddable":true,"href":"https:\/\/www.avex-asso.org\/dossiers\/wordpress\/wp-json\/wp\/v2\/users\/1"}],"replies":[{"embeddable":true,"href":"https:\/\/www.avex-asso.org\/dossiers\/wordpress\/wp-json\/wp\/v2\/comments?post=1433"}],"version-history":[{"count":11,"href":"https:\/\/www.avex-asso.org\/dossiers\/wordpress\/wp-json\/wp\/v2\/pages\/1433\/revisions"}],"predecessor-version":[{"id":3481,"href":"https:\/\/www.avex-asso.org\/dossiers\/wordpress\/wp-json\/wp\/v2\/pages\/1433\/revisions\/3481"}],"up":[{"embeddable":true,"href":"https:\/\/www.avex-asso.org\/dossiers\/wordpress\/wp-json\/wp\/v2\/pages\/117"}],"wp:attachment":[{"href":"https:\/\/www.avex-asso.org\/dossiers\/wordpress\/wp-json\/wp\/v2\/media?parent=1433"}],"curies":[{"name":"wp","href":"https:\/\/api.w.org\/{rel}","templated":true}]}}

<p>Sur cette page, qui va être développée au fur et à mesure, sont réunies des statistiques Météo nationales et locales</p>
<p>&nbsp;</p>
<p>La première carte nous montre le nombre de jours de précipitation par an en France</p>
<p>Attention, jour  de « non précipitation » ne veux pas dire jour de beau temps</p>
<p><img loading="lazy" decoding="async" src="http://www.avex-asso.org/dossiers/wordpress/wp-content/uploads/2011/09/02.01.01_nbjrr-norm_an.png" alt="" width="660" height="663" /></p>
<p>&nbsp;</p>
<p>Carte des <strong>quantités</strong> d&rsquo;eau tombé sur la meme période</p>
<p><img loading="lazy" decoding="async" src="http://www.avex-asso.org/dossiers/wordpress/wp-content/uploads/2011/09/rr-norm_an.png" alt="" width="660" height="662" /></p>
<p>&nbsp;</p>
<p>Pour l&rsquo;année 2008 (année typique)</p>
<p><img loading="lazy" decoding="async" src="http://www.avex-asso.org/dossiers/wordpress/wp-content/uploads/2011/09/carte-precipitations-meteo-france.jpg" alt="" width="470" height="405" /></p>
<p>&nbsp;</p>
<p>ensoleillement</p>
<p><img loading="lazy" decoding="async" class="alignnone" src="http://www.cartesfrance.fr/cartes/carte_france_ensoleillement.png" alt="" width="777" height="721" /></p>

<p>Sur cette page, qui va être développée au fur et à mesure, sont réunies des statistiques Météo nationales et locales</p>
<p><a href="https://www.avex-asso.org/dossiers/wordpress/meteo/statistiques-meteo" class="more-link">Continue reading<span class="screen-reader-text">Statistiques Meteo</span></a></p>
