{"id":2631,"date":"2012-09-11T06:33:48","date_gmt":"2012-09-11T11:33:48","guid":{"rendered":"http:\/\/www.avex-asso.org\/dossiers\/wordpress\/?page_id=2631"},"modified":"2022-09-07T14:04:16","modified_gmt":"2022-09-07T12:04:16","slug":"local-avex-et-terrains","status":"publish","type":"page","link":"https:\/\/www.avex-asso.org\/dossiers\/wordpress\/club\/local-avex-et-terrains","title":{"rendered":"Local AVEX, et terrains"},"content":{"rendered":"<p>&#8212;&#8212;&#8212;<\/p>\n<div id=\"ez-toc-container\" class=\"ez-toc-v2_0_82_2 counter-hierarchy ez-toc-counter ez-toc-black ez-toc-container-direction\">\n<div class=\"ez-toc-title-container\">\n<p class=\"ez-toc-title\" style=\"cursor:inherit\">Table of Contents<\/p>\n<span class=\"ez-toc-title-toggle\"><a href=\"#\" class=\"ez-toc-pull-right ez-toc-btn ez-toc-btn-xs ez-toc-btn-default ez-toc-toggle\" aria-label=\"Toggle Table of Content\"><span class=\"ez-toc-js-icon-con\"><span class=\"\"><span class=\"eztoc-hide\" style=\"display:none;\">Toggle<\/span><span class=\"ez-toc-icon-toggle-span\"><svg style=\"fill: #999;color:#999\" xmlns=\"http:\/\/www.w3.org\/2000\/svg\" class=\"list-377408\" width=\"20px\" height=\"20px\" viewBox=\"0 0 24 24\" fill=\"none\"><path d=\"M6 6H4v2h2V6zm14 0H8v2h12V6zM4 11h2v2H4v-2zm16 0H8v2h12v-2zM4 16h2v2H4v-2zm16 0H8v2h12v-2z\" fill=\"currentColor\"><\/path><\/svg><svg style=\"fill: #999;color:#999\" class=\"arrow-unsorted-368013\" xmlns=\"http:\/\/www.w3.org\/2000\/svg\" width=\"10px\" height=\"10px\" viewBox=\"0 0 24 24\" version=\"1.2\" baseProfile=\"tiny\"><path d=\"M18.2 9.3l-6.2-6.3-6.2 6.3c-.2.2-.3.4-.3.7s.1.5.3.7c.2.2.4.3.7.3h11c.3 0 .5-.1.7-.3.2-.2.3-.5.3-.7s-.1-.5-.3-.7zM5.8 14.7l6.2 6.3 6.2-6.3c.2-.2.3-.5.3-.7s-.1-.5-.3-.7c-.2-.2-.4-.3-.7-.3h-11c-.3 0-.5.1-.7.3-.2.2-.3.5-.3.7s.1.5.3.7z\"\/><\/svg><\/span><\/span><\/span><\/a><\/span><\/div>\n<nav><ul class='ez-toc-list ez-toc-list-level-1 ' ><li class='ez-toc-page-1 ez-toc-heading-level-3'><a class=\"ez-toc-link ez-toc-heading-1\" href=\"https:\/\/www.avex-asso.org\/dossiers\/wordpress\/club\/local-avex-et-terrains\/#_Terrains_Local_et_lieu_dobservations\" >\u00a0Terrains, Local et lieu d&rsquo;observations<\/a><ul class='ez-toc-list-level-4' ><li class='ez-toc-heading-level-4'><a class=\"ez-toc-link ez-toc-heading-2\" href=\"https:\/\/www.avex-asso.org\/dossiers\/wordpress\/club\/local-avex-et-terrains\/#Observatoire_de_Parnes\" >Observatoire de Parnes<\/a><\/li><\/ul><\/li><\/ul><\/nav><\/div>\n<h3><span class=\"ez-toc-section\" id=\"_Terrains_Local_et_lieu_dobservations\"><\/span><a name=\"local\"><\/a>\u00a0Terrains, Local et lieu d&rsquo;observations<span class=\"ez-toc-section-end\"><\/span><\/h3>\n<p><strong>Le siege d&rsquo;Avex<\/strong>\u00a0se trouve dans le val d&rsquo;oise, au Nord ouest de l&rsquo;Ile de france<\/p>\n<p>l&rsquo;adresse : Foyer rural d\u2019\u00c9piais-Rhus \u00a0<a href=\"http:\/\/www.avex-asso.org\/dossiers\/wordpress\/?page_id=107\" target=\"_blank\" rel=\"noopener noreferrer\">voir le planning<\/a>\u00a0pour les dates de r\u00e9unions<\/p>\n<div id=\"ShortCode_Div\"><\/div>\n<p>[osm_map_v3 map_center=\u00a0\u00bb49.1230,2.0641&Prime; zoom=\u00a0\u00bb18.1&Prime; width=\u00a0\u00bb95%\u00a0\u00bb height=\u00a0\u00bb450&Prime; post_markers=\u00a0\u00bb1&Prime; control=\u00a0\u00bbfullscreen,scaleline,mouseposition,overview\u00a0\u00bb]<br \/>\n&#8212;<br \/>\nnos terrains d&rsquo;observations<\/p>\n<h4><span class=\"ez-toc-section\" id=\"Observatoire_de_Parnes\"><\/span><strong><a name=\"parnes\"><\/a>Observatoire de Parnes<\/strong><span class=\"ez-toc-section-end\"><\/span><\/h4>\n<p>( RIVA )\u00a0Parnes \/ riva :: Lat : 49\u00b0 12&prime; 45&Prime; N &#8211; Long : 1\u00b0 45&prime; 7&Prime;<br \/>\nce terrain est d\u00e9sormais peut utilis\u00e9 sauf lorsque que beaucoup de monde est pr\u00e9vu (grande capacit\u00e9 d&rsquo;accueil )<br \/>\n<iframe loading=\"lazy\" src=\"https:\/\/maps.google.fr\/maps?hl=fr&#038;ie=UTF8&#038;ll=49.212257,1.752791&#038;spn=0.00438,0.008937&#038;t=h&#038;z=17&#038;output=embed\" width=\"95%\" height=\"700\" frameborder=\"0\" marginwidth=\"0\" marginheight=\"0\" scrolling=\"no\"><\/iframe><br \/>\n<small><a style=\"color: #0000ff; text-align: left;\" href=\"https:\/\/maps.google.fr\/maps?hl=fr&#038;ie=UTF8&#038;ll=49.212257,1.752791&#038;spn=0.00438,0.008937&#038;t=h&#038;z=17&#038;source=embed\">Agrandir le plan<\/a><\/small><\/p>\n<address>faire clic droit sur l&rsquo;image et cliquer sur ouvrir dans un nouvel onglet pour voir l&rsquo;image en grand<\/address>\n<p><img loading=\"lazy\" decoding=\"async\" src=\"http:\/\/www.avex-asso.org\/dossiers\/wordpress\/wp-content\/uploads\/2011\/01\/parnes.jpg\" alt=\"\" width=\"842\" height=\"92\" \/><\/p>\n<p>&#8212;&#8212;&#8212;&#8212;&#8212;&#8212;&#8212;&#8212;&#8211;<\/p>\n<p><small><a style=\"color: #0000ff; text-align: left;\" href=\"https:\/\/maps.google.fr\/maps?hl=fr&#038;ie=UTF8&#038;ll=49.376837,1.816596&#038;spn=0.002183,0.004469&#038;t=h&#038;z=18&#038;source=embed\">Agrandir le plan<\/a><\/small>Observatoire de Lalande<\/p>\n<p>L\u00e0 ou nous observons r\u00e9guli\u00e8rement : 80km de Paris, 1h15 de route<br \/>\n<iframe loading=\"lazy\" style=\"border: 0;\" src=\"https:\/\/www.google.com\/maps\/embed?pb=!1m14!1m12!1m3!1d8234.713471355672!2d1.8332535927991358!3d49.402970770355694!2m3!1f0!2f0!3f0!3m2!1i1024!2i768!4f13.1!5e1!3m2!1sfr!2sfr!4v1568746662849!5m2!1sfr!2sfr\" width=\"95%\" height=\"700\" frameborder=\"0\" allowfullscreen=\"allowfullscreen\"><\/iframe><\/p>\n<address>faire clic droit sur l&rsquo;image et cliquer sur ouvrir dans un nouvel onglet pour voir l&rsquo;image en grand<\/address>\n<p><a title=\"360\u00b0 du terrain de lalande\" href=\"http:\/\/www.avex-asso.org\/dossiers\/wordpress\/wp-content\/uploads\/2009\/01\/paysage-1-laland-med.jpg\"><img loading=\"lazy\" decoding=\"async\" src=\"http:\/\/www.avex-asso.org\/dossiers\/wordpress\/wp-content\/uploads\/2009\/01\/paysage-1-laland-med.jpg\" alt=\"360\u00b0 du terrain de lalande\" width=\"943\" height=\"138\" \/><\/a><\/p>\n<p><img loading=\"lazy\" decoding=\"async\" src=\"http:\/\/www.avex-asso.org\/dossiers\/wordpress\/wp-includes\/js\/tinymce\/themes\/advanced\/img\/trans.gif\" alt=\"\" width=\"800\" height=\"600\" data-mce-json=\"{'video':{},'params':{'src':'http:\/\/maps.google.fr\/maps?hl=fr&#038;ie=UTF8&#038;t=h&#038;vpsrc=6&#038;ll=49.376911,1.815823&#038;spn=0.004191,0.008572&#038;z=17&#038;output=embed','frameborder':'0','marginwidth':'0','marginheight':'0','scrolling':'no'},'hspace':null,'vspace':null,'align':null,'bgcolor':null}\" \/><br \/>\n<small><a href=\"http:\/\/maps.google.fr\/maps?hl=fr&#038;ie=UTF8&#038;t=h&#038;vpsrc=6&#038;ll=49.376911,1.815823&#038;spn=0.004191,0.008572&#038;z=17&#038;source=embed\">Agrandir le plan<\/a><\/small><\/p>\n","protected":false},"excerpt":{"rendered":"<p>&#8212;&#8212;&#8212; \u00a0Terrains, Local et lieu d&rsquo;observations Le siege d&rsquo;Avex\u00a0se trouve dans le val d&rsquo;oise, au Nord ouest de l&rsquo;Ile de<\/p>\n<p><a href=\"https:\/\/www.avex-asso.org\/dossiers\/wordpress\/club\/local-avex-et-terrains\" class=\"more-link\">Continue reading<span class=\"screen-reader-text\">Local AVEX, et terrains<\/span><\/a><\/p>\n","protected":false},"author":1,"featured_media":0,"parent":2449,"menu_order":50,"comment_status":"open","ping_status":"open","template":"","meta":{"footnotes":""},"class_list":["post-2631","page","type-page","status-publish","hentry"],"_links":{"self":[{"href":"https:\/\/www.avex-asso.org\/dossiers\/wordpress\/wp-json\/wp\/v2\/pages\/2631","targetHints":{"allow":["GET"]}}],"collection":[{"href":"https:\/\/www.avex-asso.org\/dossiers\/wordpress\/wp-json\/wp\/v2\/pages"}],"about":[{"href":"https:\/\/www.avex-asso.org\/dossiers\/wordpress\/wp-json\/wp\/v2\/types\/page"}],"author":[{"embeddable":true,"href":"https:\/\/www.avex-asso.org\/dossiers\/wordpress\/wp-json\/wp\/v2\/users\/1"}],"replies":[{"embeddable":true,"href":"https:\/\/www.avex-asso.org\/dossiers\/wordpress\/wp-json\/wp\/v2\/comments?post=2631"}],"version-history":[{"count":23,"href":"https:\/\/www.avex-asso.org\/dossiers\/wordpress\/wp-json\/wp\/v2\/pages\/2631\/revisions"}],"predecessor-version":[{"id":4023,"href":"https:\/\/www.avex-asso.org\/dossiers\/wordpress\/wp-json\/wp\/v2\/pages\/2631\/revisions\/4023"}],"up":[{"embeddable":true,"href":"https:\/\/www.avex-asso.org\/dossiers\/wordpress\/wp-json\/wp\/v2\/pages\/2449"}],"wp:attachment":[{"href":"https:\/\/www.avex-asso.org\/dossiers\/wordpress\/wp-json\/wp\/v2\/media?parent=2631"}],"curies":[{"name":"wp","href":"https:\/\/api.w.org\/{rel}","templated":true}]}}